{"id":208,"date":"2023-01-11T15:48:40","date_gmt":"2023-01-11T15:48:40","guid":{"rendered":"https:\/\/cneo.es\/?page_id=208"},"modified":"2023-03-16T12:28:26","modified_gmt":"2023-03-16T12:28:26","slug":"pie-diabetico","status":"publish","type":"page","link":"https:\/\/cneo.es\/?page_id=208","title":{"rendered":"Pie diab\u00e9tico"},"content":{"rendered":"<section class=\"l-section wpb_row height_medium with_img\"><div class=\"l-section-img\" style=\"background-image: url(https:\/\/cneo.es\/wp-content\/uploads\/2023\/03\/pie-diabetico.png);\" data-img-width=\"1080\" data-img-height=\"720\"><\/div><div class=\"l-section-h i-cf\"><div class=\"g-cols vc_row via_grid cols_1 laptops-cols_inherit tablets-cols_inherit mobiles-cols_1 valign_top type_default stacking_default\"><div class=\"wpb_column vc_column_container\"><div class=\"vc_column-inner\"><div class=\"w-separator size_medium\"><\/div><div class=\"w-separator size_medium\"><\/div><h2 class=\"w-text us_custom_0988d3e3 has_text_color\"><span class=\"w-text-h\"><span class=\"w-text-value\">Pie diab\u00e9tico<\/span><\/span><\/h2><div class=\"w-separator size_medium\"><\/div><div class=\"w-separator size_medium\"><\/div><\/div><\/div><\/div><\/div><\/section><section class=\"l-section wpb_row height_medium\"><div class=\"l-section-h i-cf\"><div class=\"g-cols vc_row via_grid cols_1 laptops-cols_inherit tablets-cols_inherit mobiles-cols_1 valign_top type_default stacking_default\"><div class=\"wpb_column vc_column_container\"><div class=\"vc_column-inner\"><div class=\"wpb_text_column us_custom_432d3f53\"><div class=\"wpb_wrapper\"><p>Es recomendable que un paciente diab\u00e9tico que no presenta patolog\u00eda en sus pies realice una visita anual al Pod\u00f3logo. Si por el contrario existen alteraciones vasculares o neurop\u00e1ticas, el paciente debe acudir regularmente para valoraci\u00f3n de su estado podol\u00f3gico.<\/p>\n<p>La afectaci\u00f3n de la sensibilidad en los pies del paciente diab\u00e9tico hace que pueda lesionarse sin darse cuenta y producir una herida. A su vez, el mal estado vascular puede hacer que esa herida tarde en cicatrizar, con el correspondiente riesgo de infecci\u00f3n y, en el peor de los casos, la necesidad de amputaci\u00f3n.<\/p>\n<p>En las cl\u00ednicas CNEO valoramos la alteraci\u00f3n en la sensibilidad del pie y su vascularizaci\u00f3n. Pautamos tratamientos ortopodol\u00f3gicos que descarguen aquellas zonas del pie con hiperpresi\u00f3n y que sean susceptibles de ulcerarse. Tenemos experiencia en pacientes cuyo pie ha sido amputado total o parcialmente.<\/p>\n<\/div><\/div><div class=\"w-html us_custom_eb849559 rss_inicio\"><ul>\n<li>\n<i class=\"fab fa-facebook-f\"><\/i>\n<\/li>\n<li>\n<i class=\"fab fa-instagram\"><\/i>\n<\/li>\n<li>\n<i class=\"fab fa-twitter\"><\/i>\n<\/li>\n<li>\n<i class=\"fab fa-linkedin\"><\/i>\n<\/li>\n<li>\n<i class=\"fab fa-whatsapp\"><\/i>\n<\/li>\n<li>\n<i class=\"fab fa-telegram\"><\/i>\n<\/li>\n<\/ul><\/div><\/div><\/div><\/div><\/div><\/section>\n","protected":false},"excerpt":{"rendered":"Pie diab\u00e9ticoEs recomendable que un paciente diab\u00e9tico que no presenta patolog\u00eda en sus pies realice una visita anual al Pod\u00f3logo. Si por el contrario existen alteraciones vasculares o neurop\u00e1ticas, el paciente debe acudir regularmente para valoraci\u00f3n de su estado podol\u00f3gico. La afectaci\u00f3n de la sensibilidad en los pies del paciente diab\u00e9tico hace que pueda lesionarse...","protected":false},"author":1,"featured_media":0,"parent":0,"menu_order":0,"comment_status":"closed","ping_status":"closed","template":"","meta":{"footnotes":""},"class_list":["post-208","page","type-page","status-publish","hentry"],"_links":{"self":[{"href":"https:\/\/cneo.es\/index.php?rest_route=\/wp\/v2\/pages\/208","targetHints":{"allow":["GET"]}}],"collection":[{"href":"https:\/\/cneo.es\/index.php?rest_route=\/wp\/v2\/pages"}],"about":[{"href":"https:\/\/cneo.es\/index.php?rest_route=\/wp\/v2\/types\/page"}],"author":[{"embeddable":true,"href":"https:\/\/cneo.es\/index.php?rest_route=\/wp\/v2\/users\/1"}],"replies":[{"embeddable":true,"href":"https:\/\/cneo.es\/index.php?rest_route=%2Fwp%2Fv2%2Fcomments&post=208"}],"version-history":[{"count":4,"href":"https:\/\/cneo.es\/index.php?rest_route=\/wp\/v2\/pages\/208\/revisions"}],"predecessor-version":[{"id":397,"href":"https:\/\/cneo.es\/index.php?rest_route=\/wp\/v2\/pages\/208\/revisions\/397"}],"wp:attachment":[{"href":"https:\/\/cneo.es\/index.php?rest_route=%2Fwp%2Fv2%2Fmedia&parent=208"}],"curies":[{"name":"wp","href":"https:\/\/api.w.org\/{rel}","templated":true}]}}