{"id":12,"date":"2023-01-03T11:01:26","date_gmt":"2023-01-03T11:01:26","guid":{"rendered":"https:\/\/cneo.es\/?page_id=12"},"modified":"2023-03-16T13:13:33","modified_gmt":"2023-03-16T13:13:33","slug":"home","status":"publish","type":"page","link":"https:\/\/cneo.es\/","title":{"rendered":"Home"},"content":{"rendered":"<section class=\"l-section wpb_row height_medium width_full with_slider\"><div class=\"l-section-slider\"><div class=\"w-slider style_none fit_cover\"><div class=\"w-slider-h\"><div class=\"royalSlider\"><div class=\"rsContent\"><a class=\"rsImg\" data-rsw=\"1024\" data-rsh=\"768\" href=\"https:\/\/cneo.es\/wp-content\/uploads\/2023\/01\/san-fer.webp\"><span data-alt=\"\"><\/span><\/a><\/div><div class=\"rsContent\"><a class=\"rsImg\" data-rsw=\"768\" data-rsh=\"1024\" href=\"https:\/\/cneo.es\/wp-content\/uploads\/2023\/01\/cirugia-mis.webp\"><span data-alt=\"\"><\/span><\/a><\/div><div class=\"rsContent\"><a class=\"rsImg\" data-rsw=\"1300\" data-rsh=\"860\" href=\"https:\/\/cneo.es\/wp-content\/uploads\/2023\/03\/deslizador.png\"><span data-alt=\"\"><\/span><\/a><\/div><\/div><img decoding=\"async\" src=\"https:\/\/cneo.es\/wp-content\/uploads\/2023\/01\/san-fer.webp\" width=\"1024\" height=\"768\" alt loading=\"lazy\"><\/div><div class=\"w-slider-json\" onclick='return {&quot;loop&quot;:true,&quot;fadeInLoadedSlide&quot;:false,&quot;slidesSpacing&quot;:0,&quot;imageScalePadding&quot;:0,&quot;numImagesToPreload&quot;:2,&quot;arrowsNav&quot;:false,&quot;arrowsNavAutoHide&quot;:false,&quot;transitionType&quot;:&quot;move&quot;,&quot;transitionSpeed&quot;:1000,&quot;block&quot;:{&quot;moveEffect&quot;:&quot;none&quot;,&quot;speed&quot;:300},&quot;controlNavigation&quot;:&quot;none&quot;,&quot;autoplay&quot;:{&quot;enabled&quot;:true,&quot;pauseOnHover&quot;:false,&quot;delay&quot;:3000},&quot;imageScaleMode&quot;:&quot;fill&quot;,&quot;autoScaleSlider&quot;:true,&quot;autoScaleSliderWidth&quot;:1024,&quot;autoScaleSliderHeight&quot;:768,&quot;fitInViewport&quot;:false}'><\/div><\/div><\/div><div class=\"l-section-overlay\" style=\"background:rgba(0,0,0,0.25)\"><\/div><div class=\"l-section-h i-cf\"><div class=\"g-cols vc_row via_grid cols_1 laptops-cols_inherit tablets-cols_inherit mobiles-cols_1 valign_top type_default stacking_default\"><div class=\"wpb_column vc_column_container\"><div class=\"vc_column-inner\"><div class=\"w-separator size_medium\"><\/div><div class=\"wpb_text_column us_custom_55db6c80 has_text_color\"><div class=\"wpb_wrapper\"><h2 style=\"text-align: center;\">CNEO Podolog\u00eda &amp; Cirug\u00eda<\/h2>\n<p style=\"text-align: center;\">Cuidamos tus p\u00edes<\/p>\n<\/div><\/div><div class=\"w-separator size_medium\"><\/div><div class=\"w-btn-wrapper align_center\"><a class=\"w-btn us-btn-style_1 us_custom_6df4bc3a has_text_color\" title=\"Nosotros\" href=\"https:\/\/cneo.es\/?page_id=131\"><span class=\"w-btn-label\">C\u00f3nocenos<\/span><\/a><\/div><div class=\"w-separator size_medium\"><\/div><\/div><\/div><\/div><\/div><\/section><section class=\"l-section wpb_row height_medium width_full\"><div class=\"l-section-h i-cf\"><div class=\"g-cols vc_row via_grid cols_3 laptops-cols_inherit tablets-cols_inherit mobiles-cols_1 valign_top type_default stacking_default\"><div class=\"wpb_column vc_column_container\"><div class=\"vc_column-inner\"><div class=\"w-hwrapper align_center valign_middle\"><div class=\"w-vwrapper align_center valign_middle\"><div class=\"w-html\"><i aria-hidden=\"true\" class=\"fas fa-clinic-medical\" style=\"color:#00bfb2; font-size: 4rem;\"><\/i><\/div><\/div><\/div><div class=\"w-separator size_small\"><\/div><div class=\"w-text us_custom_78fd8886 has_text_color\"><span class=\"w-text-h\"><span class=\"w-text-value\">Cl\u00ednica CNEO<\/span><\/span><\/div><div class=\"w-separator size_small\"><\/div><div class=\"wpb_text_column us_custom_e4bc1fd0\"><div class=\"wpb_wrapper\"><p style=\"text-align: center;\">La Cl\u00ednica Cneo es un centro sanitario especializado en cirug\u00eda de m\u00ednima incisi\u00f3n del pie. Cuenta con dos centros en Badajoz, uno situado en la barriada de San Fernando, en la calle Valladolid 22 local 5 (frente al parque), y otro en la barriada de Pardaleras, en la calle del Maestro 1, frente al registro de la propiedad.<\/p>\n<\/div><\/div><\/div><\/div><div class=\"wpb_column vc_column_container\"><div class=\"vc_column-inner\"><div class=\"w-hwrapper align_center valign_middle\"><div class=\"w-vwrapper align_center valign_middle\"><div class=\"w-html\"><i aria-hidden=\"true\" class=\"fas fa-clipboard-list\" style=\"color:#00bfb2; font-size: 4rem;\"><\/i><\/div><\/div><\/div><div class=\"w-separator size_small\"><\/div><div class=\"w-text us_custom_78fd8886 has_text_color\"><span class=\"w-text-h\"><span class=\"w-text-value\">Nuestros servicios<\/span><\/span><\/div><div class=\"w-separator size_small\"><\/div><div class=\"wpb_text_column us_custom_e4bc1fd0\"><div class=\"wpb_wrapper\"><p style=\"text-align: center;\">Entre nuestros servicios, puede encontrar cirug\u00edas m\u00ednimamente invasiva, cirug\u00eda ungueal, estudios biomec\u00e1nicos de la pisada, plantillas, papilomas, quiropodias, dermatolog\u00eda, podolog\u00eda infantil y servicio a domicilio para pacientes incapacitados.<\/p>\n<\/div><\/div><\/div><\/div><div class=\"wpb_column vc_column_container\"><div class=\"vc_column-inner\"><div class=\"w-hwrapper align_center valign_middle\"><div class=\"w-vwrapper align_center valign_middle\"><div class=\"w-html\"><i aria-hidden=\"true\" class=\"fas fa-file-medical-alt\" style=\"color:#00bfb2; font-size: 4rem;\"><\/i><\/div><\/div><\/div><div class=\"w-separator size_small\"><\/div><div class=\"w-text us_custom_31a2a08c has_text_color\"><span class=\"w-text-h\"><span class=\"w-text-value\">Cirug\u00eda de m\u00ednima incisi\u00f3n<\/span><\/span><\/div><div class=\"w-separator size_small\"><\/div><div class=\"wpb_text_column us_custom_e4bc1fd0\"><div class=\"wpb_wrapper\"><p style=\"text-align: center;\">La cirug\u00eda de m\u00ednima incisi\u00f3n da soluci\u00f3n a los problemas como el Hallux abductus valgus o juanetes, dedos en garra, callos recurrentes, etc. Es un tipo de cirug\u00eda que se realiza mediante anestesia local y de r\u00e9gimen ambulatoria, es decir, tras la misma el paciente se marcha por su propio pie.<\/p>\n<\/div><\/div><\/div><\/div><\/div><\/div><\/section><section class=\"l-section wpb_row height_small width_full with_img parallax_fixed\"><div class=\"l-section-img\" style=\"background-image: url(https:\/\/cneo.es\/wp-content\/uploads\/2023\/01\/Nosotros2-1-scaled.webp);\" data-img-width=\"2560\" data-img-height=\"1364\"><\/div><div class=\"l-section-h i-cf\"><div class=\"g-cols vc_row via_grid cols_1-4-1 laptops-cols_inherit tablets-cols_inherit mobiles-cols_1 valign_top type_default stacking_default\"><div class=\"wpb_column vc_column_container\"><div class=\"vc_column-inner\"><div class=\"w-separator size_medium\"><\/div><\/div><\/div><div class=\"wpb_column vc_column_container\"><div class=\"vc_column-inner\"><div class=\"w-separator size_medium\"><\/div><div class=\"w-separator size_medium\"><\/div><div class=\"w-separator size_medium\"><\/div><div class=\"w-separator size_medium\"><\/div><div class=\"wpb_text_column us_custom_274ff3f1 has_text_color\"><div class=\"wpb_wrapper\"><h2 style=\"text-align: center;\">NUESTRO EQUIPO<\/h2>\n<h5 style=\"text-align: center;\">El equipo de cl\u00ednica CNEO se compone de los mejores profesionales en el \u00e1mbito de la podolog\u00eda. Le invitamos a conocer a nuestros componentes.<\/h5>\n<\/div><\/div><div class=\"w-separator size_medium\"><\/div><div class=\"w-separator size_medium\"><\/div><div class=\"w-separator size_medium\"><\/div><div class=\"w-btn-wrapper align_center\"><a class=\"w-btn us-btn-style_1 us_custom_6df4bc3a has_text_color\" title=\"Nosotros\" href=\"https:\/\/cneo.es\/?page_id=131\"><span class=\"w-btn-label\">Con\u00f3cenos<\/span><\/a><\/div><div class=\"w-separator size_medium\"><\/div><\/div><\/div><div class=\"wpb_column vc_column_container\"><div class=\"vc_column-inner\"><div class=\"w-separator size_medium\"><\/div><\/div><\/div><\/div><\/div><\/section><section class=\"l-section wpb_row height_medium\"><div class=\"l-section-h i-cf\"><div class=\"g-cols vc_row via_grid cols_1 laptops-cols_inherit tablets-cols_inherit mobiles-cols_1 valign_top type_default stacking_default\"><div class=\"wpb_column vc_column_container\"><div class=\"vc_column-inner\"><div class=\"w-image align_center\"><div class=\"w-image-h\"><img loading=\"lazy\" decoding=\"async\" width=\"500\" height=\"261\" src=\"https:\/\/cneo.es\/wp-content\/uploads\/2023\/03\/a-nuestra-salud.jpeg\" class=\"attachment-large size-large\" alt=\"\" srcset=\"https:\/\/cneo.es\/wp-content\/uploads\/2023\/03\/a-nuestra-salud.jpeg 500w, https:\/\/cneo.es\/wp-content\/uploads\/2023\/03\/a-nuestra-salud-300x157.jpeg 300w\" sizes=\"auto, (max-width: 500px) 100vw, 500px\" \/><\/div><\/div><div class=\"wpb_text_column\"><div class=\"wpb_wrapper\"><p style=\"text-align: center;\">El programa \u00abA nuestra salud\u00bb, de Canal Extremadura, elabor\u00f3 un reportaje sobre podolog\u00eda, para el que eligi\u00f3 a nuestra cl\u00ednica. En el reportaje explicamos c\u00f3mo trabajamos a diario en nuestros centros de San Fernando y Pardaleras. Para ver el v\u00eddeo, haz click <a href=\"https:\/\/youtu.be\/VhrXoEHb760\"><strong>AQU\u00cd<\/strong><\/a><\/p>\n<\/div><\/div><\/div><\/div><\/div><\/div><\/section>\n","protected":false},"excerpt":{"rendered":"CNEO Podolog\u00eda &amp; Cirug\u00eda Cuidamos tus p\u00edes C\u00f3nocenosCl\u00ednica CNEOLa Cl\u00ednica Cneo es un centro sanitario especializado en cirug\u00eda de m\u00ednima incisi\u00f3n del pie. Cuenta con dos centros en Badajoz, uno situado en la barriada de San Fernando, en la calle Valladolid 22 local 5 (frente al parque), y otro en la barriada de Pardaleras, en...","protected":false},"author":1,"featured_media":0,"parent":0,"menu_order":0,"comment_status":"closed","ping_status":"closed","template":"","meta":{"footnotes":""},"class_list":["post-12","page","type-page","status-publish","hentry"],"_links":{"self":[{"href":"https:\/\/cneo.es\/index.php?rest_route=\/wp\/v2\/pages\/12","targetHints":{"allow":["GET"]}}],"collection":[{"href":"https:\/\/cneo.es\/index.php?rest_route=\/wp\/v2\/pages"}],"about":[{"href":"https:\/\/cneo.es\/index.php?rest_route=\/wp\/v2\/types\/page"}],"author":[{"embeddable":true,"href":"https:\/\/cneo.es\/index.php?rest_route=\/wp\/v2\/users\/1"}],"replies":[{"embeddable":true,"href":"https:\/\/cneo.es\/index.php?rest_route=%2Fwp%2Fv2%2Fcomments&post=12"}],"version-history":[{"count":131,"href":"https:\/\/cneo.es\/index.php?rest_route=\/wp\/v2\/pages\/12\/revisions"}],"predecessor-version":[{"id":418,"href":"https:\/\/cneo.es\/index.php?rest_route=\/wp\/v2\/pages\/12\/revisions\/418"}],"wp:attachment":[{"href":"https:\/\/cneo.es\/index.php?rest_route=%2Fwp%2Fv2%2Fmedia&parent=12"}],"curies":[{"name":"wp","href":"https:\/\/api.w.org\/{rel}","templated":true}]}}